{"id":185,"date":"2022-11-21T18:12:45","date_gmt":"2022-11-21T18:12:45","guid":{"rendered":"https:\/\/proex.uepa.br\/?page_id=185"},"modified":"2025-06-23T18:43:26","modified_gmt":"2025-06-23T18:43:26","slug":"quem-somos","status":"publish","type":"page","link":"https:\/\/proex.uepa.br\/index.php\/quem-somos\/","title":{"rendered":"Apresenta\u00e7\u00e3o"},"content":{"rendered":"\n<div class=\"wp-block-uagb-container uagb-block-ffa0239d alignfull uagb-is-root-container\"><div class=\"uagb-container-inner-blocks-wrap\">\n<div class=\"wp-block-uagb-advanced-heading uagb-block-d59f9368 justify\"><p class=\"uagb-heading-text\">A Pr\u00f3-Reitoria de Extens\u00e3o da Universidade do Estado do Par\u00e1 \u2013 PROEX\/PA demonstra sua estrutura\u00e7\u00e3o, compet\u00eancias e defini\u00e7\u00e3o de fun\u00e7\u00f5es no Regimento Geral\/UEPA (1994) em seu T\u00edtulo IV, Cap\u00edtulo III e art. 54, onde afirma o conceito de que: \u201cA Extens\u00e3o tem por fim promover a articula\u00e7\u00e3o entre o ensino e a pesquisa, a universidade e a sociedade\u201d. A defini\u00e7\u00e3o do conceito de extens\u00e3o est\u00e1 em articula\u00e7\u00e3o direta com as diretrizes definidas pelo F\u00f3rum Nacional de Pr\u00f3-Reitores de Extens\u00e3o das Universidades P\u00fablicas Brasileiras \u2013 FORPROEX (2012) nos aspectos atinentes \u00e0 intera\u00e7\u00e3o dial\u00f3gica Universidade X Sociedade.<\/p><\/div>\n\n\n\n<div class=\"wp-block-uagb-container uagb-block-4bc63e4e\">\n<div class=\"wp-block-uagb-advanced-heading uagb-block-5c63bd3c\"><h2 class=\"uagb-heading-text\">Compet\u00eancias<\/h2><div class=\"uagb-separator\"><\/div><\/div>\n\n\n\n<div class=\"wp-block-uagb-advanced-heading uagb-block-f95bc123 justify\"><p class=\"uagb-heading-text\">As compet\u00eancias da PROEX\/UEPA est\u00e3o definidas no Estatuto Geral\/UEPA (1994) na Se\u00e7\u00e3o II que, em seu Art. 11, as define como elaborar, coordenar e supervisionar o Plano Diretor de Extens\u00e3o Universit\u00e1ria; coordenar e supervisionar as atividades de extens\u00e3o em articula\u00e7\u00e3o com os Centros; propor a defini\u00e7\u00e3o de pol\u00edticas de extens\u00e3o na Universidade do Estado do Par\u00e1; coordenar e supervisionar programas de extens\u00e3o, compreendendo forma\u00e7\u00e3o profissional e eventos culturais incentivar e apoiar as atividades extensionistas na Universidade do Estado do Par\u00e1; fomentar o estabelecimento de parcerias com a sociedade e institui\u00e7\u00f5es governamentais e n\u00e3o governamentais, visando ao desenvolvimento das atividades de extens\u00e3o; incentivar o Programa Art\u00edstico-Cultural da Universidade em articula\u00e7\u00e3o com os Centros, como N\u00facleo de Arte e Cultura (NAC) e com organismos culturais da sociedade; estabelecer pol\u00edtica de bolsas, est\u00edmulos e pr\u00eamios ao discente da gradua\u00e7\u00e3o.<\/p><\/div>\n<\/div>\n\n\n\n<div class=\"wp-block-uagb-advanced-heading uagb-block-d8907b33\"><h2 class=\"uagb-heading-text\">Din\u00e2mica de Funcionamento<\/h2><div class=\"uagb-separator\"><\/div><\/div>\n\n\n\n<div class=\"wp-block-uagb-advanced-heading uagb-block-12923686 justify\"><p class=\"uagb-heading-text\">A composi\u00e7\u00e3o da equipe da PROEX\/UEPA \u00e9 constitu\u00edda de quinze (15) pessoas com forma\u00e7\u00f5es diferenciadas sendo duas (02) Doutoras nas \u00e1reas de Doen\u00e7as Tropicais e em Educa\u00e7\u00e3o; dois (02) Mestres em Educa\u00e7\u00e3o e em Neuroci\u00eancias e Biologia Celular; quatro (04) graduados em Hist\u00f3ria, Ci\u00eancias Naturais &#8211; Biologia, Administra\u00e7\u00e3o e Tecn\u00f3logo em Gest\u00e3o P\u00fablica; quatro (04) acad\u00eamicos em Direito, Pedagogia, e Gest\u00e3o de Recursos Humanos.<br>Articula-se com a sociedade civil e a sociedade pol\u00edtica e os setores internos da UEPA como os departamentos, os cursos, os n\u00facleos, os centros e os grupos de pesquisa como, por exemplo, no Centro de Ci\u00eancias Sociais e Educa\u00e7\u00e3o (CCSE) com o N\u00facleo de Estudo e Pesquisa em Educa\u00e7\u00e3o Cient\u00edfica, Ambiental e Pr\u00e1ticas Ambientais (NECAPS): criado em 1996 realiza a\u00e7\u00f5es de ci\u00eancia, meio ambiente e sa\u00fade voltadas para a educa\u00e7\u00e3o da juventude; Grupo de Pr\u00e1ticas Educativas em Sa\u00fade e Cuidado na Amaz\u00f4nia (PESCA): desenvolve trabalhos de educa\u00e7\u00e3o popular por meio da arte-educa\u00e7\u00e3o nas \u00e1reas da m\u00fasica, dan\u00e7a e teatro; N\u00facleo de Educa\u00e7\u00e3o Popular &#8220;Paulo Freire&#8221; (NEP): desenvolve a\u00e7\u00f5es de forma\u00e7\u00e3o de educadores em diversos munic\u00edpios do estado do Par\u00e1, vinculados ao Programa Vale Alfabetizar, patrocinado pela Associa\u00e7\u00e3o Alfabetiza\u00e7\u00e3o Solid\u00e1ria (ALFASOL) e Funda\u00e7\u00e3o Vale; Grupo de Pesquisa Culturas e Mem\u00f3rias Amaz\u00f4nicas (CUMA): criado em 2003, atualmente \u00e9 formado por setenta (70) profissionais, onde s\u00e3o desenvolvidos projetos relacionados \u00e0s \u00e1reas de artes, mem\u00f3ria e lingu\u00edstica; Grupo de Pesquisa e Movimentos Sociais Educa\u00e7\u00e3o e Cidadania na Amaz\u00f4nia (GMSECA) criado em 2006 com trinta (30) participantes entre professores \u2013 pesquisadores, estudantes de gradua\u00e7\u00e3o, mestrado e doutorado com estudos referentes aos movimentos sociais, territorialidade, trabalho e religi\u00e3o.<br>As formas de articula\u00e7\u00e3o com o Centro de Ci\u00eancias Biol\u00f3gicas e da Sa\u00fade (CCBS) perpassam pelo N\u00facleo de Desenvolvimento em Tecnologia Assistiva e Acessibilidade da UEPA (NEDETA), que realiza atendimentos a pessoas com defici\u00eancia, por meio de atendimentos e desenvolvendo novas tecnologias de acessibilidade; N\u00facleo de Pesquisa, Extens\u00e3o e P\u00f3s-Gradua\u00e7\u00e3o de Terapia Ocupacional (NUPETO), onde desenvolvem atividades para garantir uma viv\u00eancia saud\u00e1vel para meninas de 6 a 12 anos incompletos, v\u00edtimas de abuso sexual.<br>Atua tamb\u00e9m em articula\u00e7\u00e3o com o Centro de Ci\u00eancias Naturais e Tecnologia (CCNT) atrav\u00e9s da Rede de Incubadoras de Base Tecnol\u00f3gica da Universidade do Estado do Par\u00e1 (RITU), que oferece solu\u00e7\u00f5es tecnol\u00f3gicas e de gest\u00e3o para empreendimentos inovadores nascentes na Regi\u00e3o Metropolitana de Bel\u00e9m-RMB, atrav\u00e9s do processo de incuba\u00e7\u00e3o; do Laborat\u00f3rio de Educa\u00e7\u00e3o Ambiental (LEA), onde desenvolve atividades e trabalhos de ci\u00eancia, meio ambiente e educa\u00e7\u00e3o ambiental por meio de campanhas, cursos, minicursos e oficinas de reciclagem, coleta seletiva, entre outros.<\/p><\/div>\n\n\n\n<p><strong>Relat\u00f3rio de Gest\u00e3o 2024<\/strong><\/p>\n\n\n\n<div data-wp-interactive=\"core\/file\" class=\"wp-block-file\"><object data-wp-bind--hidden=\"!state.hasPdfPreview\" hidden class=\"wp-block-file__embed\" data=\"https:\/\/proex.uepa.br\/wp-content\/uploads\/2025\/06\/Relatorio-de-Gestao-2024_PROEX.pdf\" type=\"application\/pdf\" style=\"width:100%;height:600px\" aria-label=\"Incorporado de Relatorio-de-Gestao-2024_PROEX.\"><\/object><a id=\"wp-block-file--media-2ee2a03e-5265-40e6-948b-8c490f3b3dfb\" href=\"https:\/\/proex.uepa.br\/wp-content\/uploads\/2025\/06\/Relatorio-de-Gestao-2024_PROEX.pdf\">Relatorio-de-Gestao-2024_PROEX<\/a><a href=\"https:\/\/proex.uepa.br\/wp-content\/uploads\/2025\/06\/Relatorio-de-Gestao-2024_PROEX.pdf\" class=\"wp-block-file__button wp-element-button\" download aria-describedby=\"wp-block-file--media-2ee2a03e-5265-40e6-948b-8c490f3b3dfb\">Baixar<\/a><\/div>\n\n\n\n<div class=\"wp-block-uagb-advanced-heading uagb-block-e31a04c6\"><h2 class=\"uagb-heading-text\">Equipe<\/h2><div class=\"uagb-separator\"><\/div><\/div>\n\n\n\n<p><\/p>\n\n\n\n<div class=\"wp-block-uagb-advanced-heading uagb-block-4a79c718\"><p class=\"uagb-heading-text\"><strong>Pr\u00f3-Reitor de Extens\u00e3o<\/strong><br>Higson Rodrigues Coelho<strong>\u00a0<\/strong><br><strong>Diretor de Apoio \u00e0 Extens\u00e3o<\/strong><br>Natacia da Silva e Silva<br><strong>Diretor\u00a0do Centro de Ci\u00eancias e Planet\u00e1rio do Par\u00e1<\/strong><br>Jos\u00e9 Roberto Alves\u00a0<br><strong>Diretora de Programas e Projetos de Extens\u00e3o<\/strong><br>Francin\u00e9a de Nazar\u00e9 Ferreira de Castilho\u00a0<br><strong>Diretora de Desporto<\/strong><br>\u00a0Rejane Walessa Pequeno Rodrigues Abrahin<br><strong>Diretora de Arte e Cultura<\/strong><br>Jessika Rodrigues da Silva\u00a0<br><strong>Equipe T\u00e9cnica e Administrativa<\/strong><br>Carlos Andrei Silva Farias<br>Gilvana Kelly Barros Pimentel<br>Mayara Machado de Souza<br>Neusivalda Batista Barbosa<br>Odinea Vasconcelos dos Santos Montalv\u00e3o<br>Viviane Pimentel Tavares<br><\/p><\/div>\n\n\n\n<p><\/p>\n<\/div><\/div>\n","protected":false},"excerpt":{"rendered":"<p>A Pr\u00f3-Reitoria de Extens\u00e3o da Universidade do Estado do Par\u00e1 \u2013 PROEX\/PA demonstra sua estrutura\u00e7\u00e3o, compet\u00eancias e defini\u00e7\u00e3o de fun\u00e7\u00f5es no Regimento Geral\/UEPA (1994) em seu T\u00edtulo IV, Cap\u00edtulo III e art. 54, onde afirma o conceito de que: \u201cA Extens\u00e3o tem por fim promover a articula\u00e7\u00e3o entre o ensino e a pesquisa, a universidade &hellip;<\/p>\n<p class=\"read-more\"> <a class=\"\" href=\"https:\/\/proex.uepa.br\/index.php\/quem-somos\/\"> <span class=\"screen-reader-text\">Apresenta\u00e7\u00e3o<\/span> Leia mais &raquo;<\/a><\/p>\n","protected":false},"author":1,"featured_media":0,"parent":0,"menu_order":0,"comment_status":"closed","ping_status":"closed","template":"","meta":{"_uag_custom_page_level_css":"","site-sidebar-layout":"default","site-content-layout":"","ast-site-content-layout":"default","site-content-style":"default","site-sidebar-style":"default","ast-global-header-display":"","ast-banner-title-visibility":"","ast-main-header-display":"","ast-hfb-above-header-display":"","ast-hfb-below-header-display":"","ast-hfb-mobile-header-display":"","site-post-title":"","ast-breadcrumbs-content":"","ast-featured-img":"","footer-sml-layout":"","theme-transparent-header-meta":"","adv-header-id-meta":"","stick-header-meta":"","header-above-stick-meta":"","header-main-stick-meta":"","header-below-stick-meta":"","astra-migrate-meta-layouts":"set","ast-page-background-enabled":"default","ast-page-background-meta":{"desktop":{"background-color":"var(--ast-global-color-4)","background-image":"","background-repeat":"repeat","background-position":"center center","background-size":"auto","background-attachment":"scroll","background-type":"","background-media":"","overlay-type":"","overlay-color":"","overlay-gradient":""},"tablet":{"background-color":"","background-image":"","background-repeat":"repeat","background-position":"center center","background-size":"auto","background-attachment":"scroll","background-type":"","background-media":"","overlay-type":"","overlay-color":"","overlay-gradient":""},"mobile":{"background-color":"","background-image":"","background-repeat":"repeat","background-position":"center center","background-size":"auto","background-attachment":"scroll","background-type":"","background-media":"","overlay-type":"","overlay-color":"","overlay-gradient":""}},"ast-content-background-meta":{"desktop":{"background-color":"var(--ast-global-color-5)","background-image":"","background-repeat":"repeat","background-position":"center center","background-size":"auto","background-attachment":"scroll","background-type":"","background-media":"","overlay-type":"","overlay-color":"","overlay-gradient":""},"tablet":{"background-color":"var(--ast-global-color-5)","background-image":"","background-repeat":"repeat","background-position":"center center","background-size":"auto","background-attachment":"scroll","background-type":"","background-media":"","overlay-type":"","overlay-color":"","overlay-gradient":""},"mobile":{"background-color":"var(--ast-global-color-5)","background-image":"","background-repeat":"repeat","background-position":"center center","background-size":"auto","background-attachment":"scroll","background-type":"","background-media":"","overlay-type":"","overlay-color":"","overlay-gradient":""}},"footnotes":""},"class_list":["post-185","page","type-page","status-publish","hentry"],"uagb_featured_image_src":{"full":false,"thumbnail":false,"medium":false,"medium_large":false,"large":false,"1536x1536":false,"2048x2048":false},"uagb_author_info":{"display_name":"adminsites@uepa.br","author_link":"https:\/\/proex.uepa.br\/index.php\/author\/adminsitesuepa-br\/"},"uagb_comment_info":0,"uagb_excerpt":"A Pr\u00f3-Reitoria de Extens\u00e3o da Universidade do Estado do Par\u00e1 \u2013 PROEX\/PA demonstra sua estrutura\u00e7\u00e3o, compet\u00eancias e defini\u00e7\u00e3o de fun\u00e7\u00f5es no Regimento Geral\/UEPA (1994) em seu T\u00edtulo IV, Cap\u00edtulo III e art. 54, onde afirma o conceito de que: \u201cA Extens\u00e3o tem por fim promover a articula\u00e7\u00e3o entre o ensino e a pesquisa, a universidade&hellip;","_links":{"self":[{"href":"https:\/\/proex.uepa.br\/index.php\/wp-json\/wp\/v2\/pages\/185","targetHints":{"allow":["GET"]}}],"collection":[{"href":"https:\/\/proex.uepa.br\/index.php\/wp-json\/wp\/v2\/pages"}],"about":[{"href":"https:\/\/proex.uepa.br\/index.php\/wp-json\/wp\/v2\/types\/page"}],"author":[{"embeddable":true,"href":"https:\/\/proex.uepa.br\/index.php\/wp-json\/wp\/v2\/users\/1"}],"replies":[{"embeddable":true,"href":"https:\/\/proex.uepa.br\/index.php\/wp-json\/wp\/v2\/comments?post=185"}],"version-history":[{"count":16,"href":"https:\/\/proex.uepa.br\/index.php\/wp-json\/wp\/v2\/pages\/185\/revisions"}],"predecessor-version":[{"id":1094,"href":"https:\/\/proex.uepa.br\/index.php\/wp-json\/wp\/v2\/pages\/185\/revisions\/1094"}],"wp:attachment":[{"href":"https:\/\/proex.uepa.br\/index.php\/wp-json\/wp\/v2\/media?parent=185"}],"curies":[{"name":"wp","href":"https:\/\/api.w.org\/{rel}","templated":true}]}}